 = -5*q. Suppose 344 = 3*t + q. What is the greatest common divisor of t and 44?
22
Let s(x) = 80*x + 190. Let z(l) = l. Let o(g) = -s(g) - 3*z(g). Let m be o(-5). What is the greatest common divisor of m and 50?
25
Suppose -3*y = y + 5*b - 698, -5*b - 162 = -y. Let i = y + -10. What is the highest common factor of i and 18?
18
Let b be (-45)/(-6) - 285/(-10). What is the greatest common factor of 1449 and b?
9
Suppose 3 = -n + 2*f, 2*n = -5*f + 5 - 11. Let m be 3 + (3 - 4)*n. Let r be -110*((-54)/12)/(-3 + m). Calculate the greatest common divisor of r and 55.
55
Let n = 4371 - 4325. Calculate the greatest common factor of n and 6233.
23
Let s = 230 - -393. Let i = s + -543. Calculate the greatest common factor of 40 and i.
40
Suppose 19 = 7*y + 26. Let g be 5 - 93/y - (-3 + 3). What is the highest common divisor of 21 and g?
7
Let i be (-6 - 0) + ((-81)/9 - -19). Suppose i*d + 288 = 2*j, 6*d + 139 = j + 3*d. What is the highest common divisor of j and 21?
7
Suppose -40*s + 392 + 613 = -35. Calculate the greatest common factor of s and 15574.
26
Let n be 33 + 23 + -22 - -3. Suppose -3*i + 1332 = i. Calculate the greatest common factor of n and i.
37
Let h be -2 - 1*(-761)/1. Let o(b) = -b**3 + 27*b**2 + 192*b + 267. Let y be o(33). Calculate the highest common factor of y and h.
69
Suppose 60 = 3*y - 4*i, 51 - 7 = 2*y - 4*i. Let c be (1 - y)*(-5 - (-91)/21). Calculate the greatest common divisor of c and 255.
5
Let r(k) = 294*k + 1641. Let m be r(25). Calculate the highest common factor of m and 37.
37
Let b be 1 + -2 + 9*9. Let p(s) = -92*s - 47. Let x be p(-7). Let i = x - 592. What is the greatest common divisor of i and b?
5
Let v = 11 + -15. Let r = v - -8. Suppose -29*w + 19*w + 10 = 0. Calculate the greatest common factor of r and w.
1
Suppose 27*b - 11803 - 2610 = -4261. Calculate the greatest common divisor of b and 235.
47
Let g(f) = 2*f**2 + 563*f + 6546. Let l be g(-12). What is the highest common factor of l and 6318?
78
Let w = -4071 - -4214. What is the greatest common factor of 728 and w?
13
Suppose -4*x + 3*y = -16633, 9*x - y + 12504 = 12*x. Calculate the highest common divisor of x and 25.
5
Let j = -61 - 15. Let r = j + 103. Let q be 0 + 11 + (7 - 9). What is the greatest common factor of r and q?
9
Let b = -29 - -303. Suppose 0 = -5*r - b + 1399. Calculate the greatest common factor of 125 and r.
25
Let p be (6 - 5)/((-1)/(-12)). Let r be ((-4)/(-6))/((-28)/1722). Let n = r + 47. What is the greatest common factor of n and p?
6
Suppose -60*c + 25*c + 644 = -7*c. What is the highest common factor of c and 5497?
23
Let n(o) = 6*o + 2. Let d be n(8). Let w(p) = -p**3 + 8*p**2 + 55*p - 349. Let b be w(9). Calculate the highest common factor of d and b.
5
Let d = 260 - 256. Suppose -5*z + 100 = 5*r, d*z + 104 = 3*r + r. Calculate the greatest common factor of 92 and r.
23
Let i(b) = -123*b + 1110. Let u be i(9). Let j(h) = h - 3 + 13 + 2. Let x be j(-9). What is the greatest common factor of x and u?
3
Let b = 119 + 399. Let u = b + -83. Calculate the greatest common factor of 15 and u.
15
Let z(q) be the third derivative of q**4/4 + 49*q**3/6 + 140*q**2 + 3. Let j = -10 - -26. Let k be z(j). What is the greatest common divisor of 29 and k?
29
Suppose 12 = l - 9*u, 27 - 83 = -2*l + 2*u. Calculate the highest common divisor of l and 96.
6
Let p be ((-3)/6)/(88/(-852544)). What is the highest common factor of 98 and p?
14
Suppose -4*o = -8, -3*o = -3*f - o + 32. Suppose 25 = f*n - 8*n - r, 5*r = 5*n - 35. What is the highest common divisor of 174 and n?
6
Suppose -5*f - r - 1968 = 0, 6*r = 3*f + 7*r + 1182. Let l = f + 453. Calculate the greatest common factor of l and 18.
6
Let v(n) = -2*n**2 - 11*n - 9. Let q be v(-10). Let z = 102 + q. What is the greatest common divisor of z and 15?
3
Let n be (7 - (-114)/(-12))*154/(-5). Suppose -17*s + 44 = -15*s. Calculate the greatest common divisor of n and s.
11
Suppose 85*j = -12*j + 51895. What is the highest common factor of j and 1819?
107
Let x = -24 + 56. Let u be (-462)/35 + 3/15. Let h be (21/3 + u)*2/(-6). What is the highest common divisor of h and x?
2
Let v(b) = -b**2 - 18*b - 32. Let x be v(-16). Suppose -19*n + 15*n + 16 = x. Let l = n + 116. Calculate the greatest common factor of l and 15.
15
Let t = 204 + 775. Calculate the highest common factor of t and 178.
89
Let s = 7834 - 4919. What is the highest common divisor of s and 3445?
265
Let u be ((-2)/(-3))/((-6)/(-1692)). Let k = -11 - -58. Calculate the highest common factor of u and k.
47
Let v(x) = x**3 + 2*x**2 + 5*x - 17. Let n be v(7). Let r = n + -282. Suppose r = 4*h - 87. Calculate the greatest common factor of 6 and h.
6
Let k be (2 + (-4)/1)*-42. Let i(w) = 6*w**2 + 19*w + 2. Let q be i(-3). Let j be 234/91*(q + 50). What is the greatest common divisor of j and k?
42
Let l be 1052/10 + 3/(-15)*1. Let t = -1620 - -1710. What is the greatest common divisor of l and t?
15
Let j(b) = 747*b - 2898. Let n be j(7). Calculate the highest common divisor of n and 18.
9
Let v = -116 + 217. Let w = v + -101. Let n be w/(-2) + 3 + (4 - 6). Calculate the greatest common divisor of n and 2.
1
Suppose 0 = 6*d - d - 70. Let m be 5 + 0 + 22 - (-5)/5. Calculate the highest common divisor of d and m.
14
Let y(x) = x**2 - x + 25. Suppose 0 = 2*a + a + 2*d - 25, -5*d = 5*a - 35. Let f be y(a). What is the greatest common factor of 54 and f?
27
Suppose -f = 2*l - 3*f - 35114, -4*f - 52674 = -3*l. Calculate the highest common divisor of l and 134.
134
Let f be 185/5 - (-2)/(0 + -1). Suppose -5*h + f = -265. Let u(o) = 2*o + 4. Let z be u(4). Calculate the greatest common divisor of z and h.
12
Let t(l) = -127*l**3 + 9*l**2 + 15*l. Let p be t(-2). What is the highest common factor of 146 and p?
146
Let a = 336 - 333. Suppose -a*f + 27*f = 384. Calculate the greatest common divisor of 1168 and f.
16
Suppose 276 = -100*c + 3076. Calculate the greatest common divisor of c and 3626.
14
Let t(k) = 2*k**2 + 3*k + 8. Let p be t(0). Suppose 75 = 11*i - p*i. What is the highest common factor of i and 50?
25
Let y(m) = 4*m**2 + 11*m - 9. Let j(d) = d + 9. Let b be j(-14). Let o be y(b). Suppose -o = -4*g + 28. What is the greatest common factor of 20 and g?
4
Let w = -5439 - -5443. What is the highest common divisor of w and 343?
1
Let h(u) = 67*u**2 - 42*u + 377. Let l be h(7). What is the highest common divisor of l and 34?
34
Let d(q) = -2*q + 1. Let h be d(-3). Let u(c) = 17*c**2 - 23*c + 269. Let a be u(10). Let m = 1760 - a. What is the highest common divisor of h and m?
7
Suppose 80*g - 408 + 3576 = 432*g. Let w = 442 - 298. Calculate the greatest common divisor of w and g.
9
Let m = 100 - 103. Let x be m + (-105)/(-2) + 4/8. Calculate the highest common divisor of 10 and x.
10
Let g(r) = 172*r - 7. Let u be -1*(5 + -11 - -5). Let y be g(u). Calculate the highest common factor of y and 11.
11
Let h be (822/18)/((-3)/9). Let f = 165 + h. Calculate the highest common divisor of 126 and f.
14
Let x = 303 - 143. Let t = 175 - x. Calculate the greatest common divisor of t and 12.
3
Let x = 34304 - 33908. Calculate the highest common divisor of 72 and x.
36
Suppose 4*z + 1496 + 124 = 0. Let b = z - -411. Suppose -a + 1 = -5. What is the highest common factor of a and b?
6
Suppose -27 = -c + 81. Suppose 3*q - 42 + 5 = -5*l, 4*l = -4*q + 36. Suppose -13 = -n - z, 5*z = -q*n + 15 + 38. What is the highest common divisor of c and n?
12
Let s be (0/7)/(-10) + -1 + 1668 - -2. Calculate the highest common divisor of 1 and s.
1
Suppose 84*v + 19250 = 62*v. Let o be v*(84/30 + -2)/(-2). Calculate the greatest common divisor of o and 105.
35
Suppose -13*g + 44*g - 12586 = 0. What is the greatest common divisor of 667 and g?
29
Suppose 32 = 6*d - 2*d. Let q(i) = -i**2 + 12*i - 31. Let y be q(d). Let g be 3 + (-9)/4 + 68/16. What is the highest common divisor of y and g?
1
Suppose 25*y = 54*y - 93960. Suppose 15*z + y = 25*z. Calculate the greatest common factor of 72 and z.
36
Suppose 3*y - 1167 = -3*j, 925 = 5*y - 8*j - 1046. Suppose 0 = 5*s + 3*s - 272. Calculate the greatest common factor of y and s.
17
Suppose 2*z + 14 = 4*z. Let a(f) = -2*f**3 + 17*f**2 - 9*f + 10. Let g be a(8). What is the greatest common divisor of g and z?
1
Suppose 2*f +